{"id":1116,"date":"2023-01-03T12:22:42","date_gmt":"2023-01-03T11:22:42","guid":{"rendered":"https:\/\/www.cfa-les3bvitre.com\/?page_id=1116"},"modified":"2026-02-27T16:56:13","modified_gmt":"2026-02-27T15:56:13","slug":"details-de-la-formation-sommelier-caviste","status":"publish","type":"page","link":"https:\/\/www.cfa-les3bvitre.com\/index.php\/details-de-la-formation-sommelier-caviste\/","title":{"rendered":"D\u00e9tails de la formation Sommelier Caviste"},"content":{"rendered":"\n<div class=\"wp-block-cover\" style=\"min-height:236px;aspect-ratio:unset;\"><img loading=\"lazy\" decoding=\"async\" width=\"1024\" height=\"683\" class=\"wp-block-cover__image-background wp-image-1898\" alt=\"\" src=\"https:\/\/www.cfa-les3bvitre.com\/wp-content\/uploads\/2024\/01\/kym-ellis-aF1NPSnDQLw-unsplash-1024x683.jpg\" style=\"object-position:59% 57%\" data-object-fit=\"cover\" data-object-position=\"59% 57%\" srcset=\"https:\/\/www.cfa-les3bvitre.com\/wp-content\/uploads\/2024\/01\/kym-ellis-aF1NPSnDQLw-unsplash-1024x683.jpg 1024w, https:\/\/www.cfa-les3bvitre.com\/wp-content\/uploads\/2024\/01\/kym-ellis-aF1NPSnDQLw-unsplash-300x200.jpg 300w, https:\/\/www.cfa-les3bvitre.com\/wp-content\/uploads\/2024\/01\/kym-ellis-aF1NPSnDQLw-unsplash-768x512.jpg 768w, https:\/\/www.cfa-les3bvitre.com\/wp-content\/uploads\/2024\/01\/kym-ellis-aF1NPSnDQLw-unsplash-1536x1024.jpg 1536w, https:\/\/www.cfa-les3bvitre.com\/wp-content\/uploads\/2024\/01\/kym-ellis-aF1NPSnDQLw-unsplash-2048x1365.jpg 2048w, https:\/\/www.cfa-les3bvitre.com\/wp-content\/uploads\/2024\/01\/kym-ellis-aF1NPSnDQLw-unsplash-1200x800.jpg 1200w, https:\/\/www.cfa-les3bvitre.com\/wp-content\/uploads\/2024\/01\/kym-ellis-aF1NPSnDQLw-unsplash-600x400.jpg 600w\" sizes=\"auto, (max-width: 1024px) 100vw, 1024px\" \/><span aria-hidden=\"true\" class=\"wp-block-cover__background has-background-dim\"><\/span><div class=\"wp-block-cover__inner-container is-layout-flow wp-block-cover-is-layout-flow\">\n<p class=\"has-text-align-center has-large-font-size\"><\/p>\n<\/div><\/div>\n\n\n\n<p class=\"has-black-color has-text-color has-medium-font-size\"><strong><em>Afin de conna\u00eetre les d\u00e9tails de la formation Sommelier Caviste, cliquez sur les diff\u00e9rents titres pr\u00e9sents ci-dessous : <\/em><\/strong><\/p>\n\n\n\n<div class=\"wp-block-columns alignwide is-layout-flex wp-container-core-columns-is-layout-9d6595d7 wp-block-columns-is-layout-flex\">\n<div class=\"wp-block-column is-vertically-aligned-stretch has-black-color has-text-color has-background has-link-color wp-elements-8eea3e5e5daffa3927d9f33c79975fb6 is-layout-flow wp-block-column-is-layout-flow\" style=\"background-color:#408e8e;padding-top:2em;padding-right:2em;padding-bottom:2em;padding-left:2em\">\n<p style=\"font-size:5px\"><\/p>\n\n\n\n<h2 class=\"wp-block-heading has-text-align-center has-white-color has-text-color has-link-color wp-elements-32c8d8c51bb2d34ff0c4bc2c1bfaef20\" id=\"single\" style=\"font-size:25px;font-style:normal;font-weight:700;text-transform:uppercase\"><a href=\"https:\/\/www.cfa-les3bvitre.com\/index.php\/infos-formation-informations-sommelier-caviste-duree-tarif-ryhtme\/\" type=\"page\" id=\"1118\" target=\"_blank\" rel=\"noreferrer noopener\">Dur\u00e9e, rythme ET TARIF<\/a><\/h2>\n<\/div>\n\n\n\n<div class=\"wp-block-column is-vertically-aligned-stretch has-text-color has-background has-link-color wp-elements-d79b162bee3c68087d50e1308ded29b9 is-layout-flow wp-block-column-is-layout-flow\" style=\"color:#000000;background-color:#e5f2f0;padding-top:2em;padding-right:2em;padding-bottom:2em;padding-left:2em\">\n<p style=\"font-size:6px\"><\/p>\n\n\n\n<h2 class=\"wp-block-heading has-text-align-center has-text-color has-link-color wp-elements-0947e249d67679affdc04b14c9628b7b\" id=\"family\" style=\"color:#408e8e;font-size:25px;font-style:normal;font-weight:700;text-transform:uppercase\"><a href=\"https:\/\/www.cfa-les3bvitre.com\/index.php\/programme-formation-sommelier-caviste\/\" target=\"_blank\" rel=\"noreferrer noopener\">Programme<\/a><\/h2>\n<\/div>\n\n\n\n<div class=\"wp-block-column is-vertically-aligned-stretch has-text-color has-background has-link-color wp-elements-65068b55bbaa6d6df95aaa18669c3b96 is-layout-flow wp-block-column-is-layout-flow\" style=\"color:#000000;background-color:#408e8e;padding-top:2em;padding-right:2em;padding-bottom:2em;padding-left:2em\">\n<h2 class=\"wp-block-heading has-text-align-center has-white-color has-text-color has-link-color wp-elements-3d3c018b6f9a31d11bcfa510f14744fb\" style=\"font-size:25px;font-style:normal;font-weight:700;text-transform:uppercase\"><a href=\"https:\/\/www.cfa-les3bvitre.com\/index.php\/points-forts-et-resultats-attendus\/\" target=\"_blank\" rel=\"noreferrer noopener\">Points forts et r\u00e9sultats attendus<\/a><\/h2>\n<\/div>\n<\/div>\n\n\n\n<div style=\"height:19px\" aria-hidden=\"true\" class=\"wp-block-spacer\"><\/div>\n\n\n\n<div class=\"wp-block-columns alignwide is-layout-flex wp-container-core-columns-is-layout-9d6595d7 wp-block-columns-is-layout-flex\">\n<div class=\"wp-block-column has-text-color has-background has-link-color wp-elements-8112115e49483e14244b1392433d7a12 is-layout-flow wp-block-column-is-layout-flow\" style=\"color:#000000;background-color:#e5f2f0;padding-top:2em;padding-right:2em;padding-bottom:2em;padding-left:2em\">\n<p style=\"font-size:10px\"><\/p>\n\n\n\n<p style=\"font-size:10px\"><\/p>\n\n\n\n<h2 class=\"wp-block-heading alignwide has-text-align-center has-text-color has-link-color wp-elements-629ef4cc64e0aeca2c5c4ef2c499f8b4\" id=\"single\" style=\"color:#408e8e;font-size:25px;font-style:normal;font-weight:700;text-transform:uppercase\"><a href=\"https:\/\/www.cfa-les3bvitre.com\/index.php\/objectifs-de-la-formation-sommelier-caviste\/\" type=\"page\" id=\"1127\" target=\"_blank\" rel=\"noreferrer noopener\">Objectifs<\/a><\/h2>\n<\/div>\n\n\n\n<div class=\"wp-block-column is-vertically-aligned-stretch has-text-color has-background has-link-color wp-elements-18e97c55099a1a6f6419190f9ce0055d is-layout-flow wp-block-column-is-layout-flow\" style=\"color:#000000;background-color:#408e8e;padding-top:2em;padding-right:2em;padding-bottom:2em;padding-left:2em\">\n<p style=\"font-size:6px\"><\/p>\n\n\n\n<h2 class=\"wp-block-heading has-text-align-center has-white-color has-text-color has-link-color wp-elements-8ffddb98e8a1ee977a72c7d31f574024\" style=\"font-size:25px;font-style:normal;font-weight:700;text-transform:uppercase\"><a href=\"https:\/\/www.cfa-les3bvitre.com\/index.php\/modalites-devaluation-2\/\" type=\"page\" id=\"1130\" target=\"_blank\" rel=\"noreferrer noopener\">Modalit\u00e9s d&rsquo;\u00e9valuation<\/a><\/h2>\n<\/div>\n\n\n\n<div class=\"wp-block-column has-text-color has-background has-link-color wp-elements-afa9eda9c626c716d85b88fae6a67596 is-layout-flow wp-block-column-is-layout-flow\" style=\"color:#000000;background-color:#e5f2f0;padding-top:2em;padding-right:2em;padding-bottom:2em;padding-left:2em\">\n<h2 class=\"wp-block-heading has-text-align-center has-text-color has-link-color wp-elements-d91692d2a34db144c5e0cff4394b6907\" id=\"patron\" style=\"color:#408e8e;font-size:25px;font-style:normal;font-weight:700;text-transform:uppercase\"><a href=\"https:\/\/www.cfa-les3bvitre.com\/index.php\/passerelles-equivalences-et-poursuite-detudes-2\/\" target=\"_blank\" rel=\"noreferrer noopener\">Passerelles \u00c9quivalences<\/a><br><a href=\"https:\/\/www.cfa-les3bvitre.com\/index.php\/passerelles-equivalences-et-poursuite-detudes-2\/\" target=\"_blank\" rel=\"noreferrer noopener\">poursuite d&rsquo;\u00e9tudes<\/a><\/h2>\n<\/div>\n<\/div>\n\n\n\n<div style=\"height:17px\" aria-hidden=\"true\" class=\"wp-block-spacer\"><\/div>\n\n\n\n<div class=\"wp-block-columns alignwide is-layout-flex wp-container-core-columns-is-layout-9d6595d7 wp-block-columns-is-layout-flex\">\n<div class=\"wp-block-column has-white-color has-text-color has-background has-link-color wp-elements-85dd536c0d71c6ad21203b6099454625 is-layout-flow wp-block-column-is-layout-flow\" style=\"background-color:#408e8e\">\n<p><\/p>\n\n\n\n<h2 class=\"wp-block-heading has-text-align-center has-white-color has-text-color has-link-color wp-elements-4c59779afca6e6d0a7719214b5131911\" style=\"font-size:25px;font-style:normal;font-weight:700;text-transform:uppercase\"><a href=\"https:\/\/www.cfa-les3bvitre.com\/index.php\/public-concerne-pre-requis-2\/\" type=\"page\" id=\"1136\" target=\"_blank\" rel=\"noreferrer noopener\">Public concern\u00e9<br>et pr\u00e9-requis<\/a><\/h2>\n\n\n\n<p><\/p>\n<\/div>\n\n\n\n<div class=\"wp-block-column has-white-color has-text-color has-background has-link-color wp-elements-22d23fae2c980efd838d6aa70fb63c0e is-layout-flow wp-block-column-is-layout-flow\" style=\"background-color:#e5f2f0\">\n<p><\/p>\n\n\n\n<h2 class=\"wp-block-heading has-text-align-center has-text-color has-link-color wp-elements-4ecf5b1aa092764508ab542cc54492bd\" style=\"color:#408e8e;font-size:25px;font-style:normal;font-weight:700;text-transform:uppercase\"><a href=\"https:\/\/www.cfa-les3bvitre.com\/index.php\/modalites-pedagogiques-sommelier-caviste\/\" type=\"page\" id=\"1139\" target=\"_blank\" rel=\"noreferrer noopener\">Modalit\u00e9s<br>p\u00e9dagogiques<\/a><\/h2>\n<\/div>\n\n\n\n<div class=\"wp-block-column has-white-color has-text-color has-background has-link-color wp-elements-2763d5e2315f4fbd4fcb0c420a6e9cc7 is-layout-flow wp-block-column-is-layout-flow\" style=\"background-color:#408e8e\">\n<p><\/p>\n\n\n\n<h2 class=\"wp-block-heading has-text-align-center has-white-color has-text-color has-link-color wp-elements-23e0a512f7250dce218a861239654639\" style=\"font-size:25px;font-style:normal;font-weight:700;text-transform:uppercase\"><a href=\"https:\/\/www.cfa-les3bvitre.com\/index.php\/formation-sommelier-caviste-vae\/\" target=\"_blank\" rel=\"noreferrer noopener\">Accessibilit\u00e9<br>par la VAE<\/a><\/h2>\n<\/div>\n<\/div>\n\n\n\n<p><\/p>\n","protected":false},"excerpt":{"rendered":"<p>Afin de conna\u00eetre les d\u00e9tails de la formation Sommelier Caviste, cliquez sur les diff\u00e9rents titres pr\u00e9sents ci-dessous : Dur\u00e9e, rythme ET TARIF Programme Points forts et r\u00e9sultats attendus Objectifs Modalit\u00e9s d&rsquo;\u00e9valuation Passerelles \u00c9quivalencespoursuite d&rsquo;\u00e9tudes Public concern\u00e9et pr\u00e9-requis Modalit\u00e9sp\u00e9dagogiques Accessibilit\u00e9par la VAE<\/p>\n","protected":false},"author":2,"featured_media":0,"parent":0,"menu_order":0,"comment_status":"closed","ping_status":"closed","template":"","meta":{"_eb_attr":"","_regular_price":[],"currency_symbol":[],"footnotes":""},"class_list":["post-1116","page","type-page","status-publish","hentry"],"post_slider_layout_featured_media_urls":{"thumbnail":"","post_slider_layout_landscape_large":"","post_slider_layout_portrait_large":"","post_slider_layout_square_large":"","post_slider_layout_landscape":"","post_slider_layout_portrait":"","post_slider_layout_square":"","full":""},"yoast_head":"<!-- This site is optimized with the Yoast SEO plugin v27.5 - https:\/\/yoast.com\/product\/yoast-seo-wordpress\/ -->\n<title>D\u00e9tails de la formation Sommelier Caviste - CFA Les 3B Vitr\u00e9<\/title>\n<meta name=\"description\" content=\"Sur cette page, retrouvez les d\u00e9tails de la formation Sommelier Caviste au sein du CFA les 3B Vitr\u00e9. Pour plus d&#039;informations, contactez-nous\" \/>\n<meta name=\"robots\" content=\"index, follow, max-snippet:-1, max-image-preview:large, max-video-preview:-1\" \/>\n<link rel=\"canonical\" href=\"https:\/\/www.cfa-les3bvitre.com\/index.php\/details-de-la-formation-sommelier-caviste\/\" \/>\n<meta property=\"og:locale\" content=\"fr_FR\" \/>\n<meta property=\"og:type\" content=\"article\" \/>\n<meta property=\"og:title\" content=\"D\u00e9tails de la formation Sommelier Caviste - CFA Les 3B Vitr\u00e9\" \/>\n<meta property=\"og:description\" content=\"Sur cette page, retrouvez les d\u00e9tails de la formation Sommelier Caviste au sein du CFA les 3B Vitr\u00e9. Pour plus d&#039;informations, contactez-nous\" \/>\n<meta property=\"og:url\" content=\"https:\/\/www.cfa-les3bvitre.com\/index.php\/details-de-la-formation-sommelier-caviste\/\" \/>\n<meta property=\"og:site_name\" content=\"CFA Les 3B Vitr\u00e9\" \/>\n<meta property=\"article:publisher\" content=\"https:\/\/www.facebook.com\/cfales3bvitre\" \/>\n<meta property=\"article:modified_time\" content=\"2026-02-27T15:56:13+00:00\" \/>\n<meta property=\"og:image\" content=\"https:\/\/www.cfa-les3bvitre.com\/wp-content\/uploads\/2024\/01\/kym-ellis-aF1NPSnDQLw-unsplash-scaled.jpg\" \/>\n\t<meta property=\"og:image:width\" content=\"2560\" \/>\n\t<meta property=\"og:image:height\" content=\"1707\" \/>\n\t<meta property=\"og:image:type\" content=\"image\/jpeg\" \/>\n<meta name=\"twitter:card\" content=\"summary_large_image\" \/>\n<meta name=\"twitter:label1\" content=\"Dur\u00e9e de lecture estim\u00e9e\" \/>\n\t<meta name=\"twitter:data1\" content=\"1 minute\" \/>\n<script type=\"application\/ld+json\" class=\"yoast-schema-graph\">{\"@context\":\"https:\\\/\\\/schema.org\",\"@graph\":[{\"@type\":\"WebPage\",\"@id\":\"https:\\\/\\\/www.cfa-les3bvitre.com\\\/index.php\\\/details-de-la-formation-sommelier-caviste\\\/\",\"url\":\"https:\\\/\\\/www.cfa-les3bvitre.com\\\/index.php\\\/details-de-la-formation-sommelier-caviste\\\/\",\"name\":\"D\u00e9tails de la formation Sommelier Caviste - CFA Les 3B Vitr\u00e9\",\"isPartOf\":{\"@id\":\"https:\\\/\\\/www.cfa-les3bvitre.com\\\/#website\"},\"primaryImageOfPage\":{\"@id\":\"https:\\\/\\\/www.cfa-les3bvitre.com\\\/index.php\\\/details-de-la-formation-sommelier-caviste\\\/#primaryimage\"},\"image\":{\"@id\":\"https:\\\/\\\/www.cfa-les3bvitre.com\\\/index.php\\\/details-de-la-formation-sommelier-caviste\\\/#primaryimage\"},\"thumbnailUrl\":\"https:\\\/\\\/www.cfa-les3bvitre.com\\\/wp-content\\\/uploads\\\/2024\\\/01\\\/kym-ellis-aF1NPSnDQLw-unsplash-1024x683.jpg\",\"datePublished\":\"2023-01-03T11:22:42+00:00\",\"dateModified\":\"2026-02-27T15:56:13+00:00\",\"description\":\"Sur cette page, retrouvez les d\u00e9tails de la formation Sommelier Caviste au sein du CFA les 3B Vitr\u00e9. Pour plus d'informations, contactez-nous\",\"breadcrumb\":{\"@id\":\"https:\\\/\\\/www.cfa-les3bvitre.com\\\/index.php\\\/details-de-la-formation-sommelier-caviste\\\/#breadcrumb\"},\"inLanguage\":\"fr-FR\",\"potentialAction\":[{\"@type\":\"ReadAction\",\"target\":[\"https:\\\/\\\/www.cfa-les3bvitre.com\\\/index.php\\\/details-de-la-formation-sommelier-caviste\\\/\"]}]},{\"@type\":\"ImageObject\",\"inLanguage\":\"fr-FR\",\"@id\":\"https:\\\/\\\/www.cfa-les3bvitre.com\\\/index.php\\\/details-de-la-formation-sommelier-caviste\\\/#primaryimage\",\"url\":\"https:\\\/\\\/www.cfa-les3bvitre.com\\\/wp-content\\\/uploads\\\/2024\\\/01\\\/kym-ellis-aF1NPSnDQLw-unsplash-scaled.jpg\",\"contentUrl\":\"https:\\\/\\\/www.cfa-les3bvitre.com\\\/wp-content\\\/uploads\\\/2024\\\/01\\\/kym-ellis-aF1NPSnDQLw-unsplash-scaled.jpg\",\"width\":2560,\"height\":1707},{\"@type\":\"BreadcrumbList\",\"@id\":\"https:\\\/\\\/www.cfa-les3bvitre.com\\\/index.php\\\/details-de-la-formation-sommelier-caviste\\\/#breadcrumb\",\"itemListElement\":[{\"@type\":\"ListItem\",\"position\":1,\"name\":\"Accueil\",\"item\":\"https:\\\/\\\/www.cfa-les3bvitre.com\\\/\"},{\"@type\":\"ListItem\",\"position\":2,\"name\":\"D\u00e9tails de la formation Sommelier Caviste\"}]},{\"@type\":\"WebSite\",\"@id\":\"https:\\\/\\\/www.cfa-les3bvitre.com\\\/#website\",\"url\":\"https:\\\/\\\/www.cfa-les3bvitre.com\\\/\",\"name\":\"CFA Les 3B Vitr\u00e9\",\"description\":\"\",\"publisher\":{\"@id\":\"https:\\\/\\\/www.cfa-les3bvitre.com\\\/#organization\"},\"potentialAction\":[{\"@type\":\"SearchAction\",\"target\":{\"@type\":\"EntryPoint\",\"urlTemplate\":\"https:\\\/\\\/www.cfa-les3bvitre.com\\\/?s={search_term_string}\"},\"query-input\":{\"@type\":\"PropertyValueSpecification\",\"valueRequired\":true,\"valueName\":\"search_term_string\"}}],\"inLanguage\":\"fr-FR\"},{\"@type\":\"Organization\",\"@id\":\"https:\\\/\\\/www.cfa-les3bvitre.com\\\/#organization\",\"name\":\"CFA LES 3B VITR\u00c9\",\"url\":\"https:\\\/\\\/www.cfa-les3bvitre.com\\\/\",\"logo\":{\"@type\":\"ImageObject\",\"inLanguage\":\"fr-FR\",\"@id\":\"https:\\\/\\\/www.cfa-les3bvitre.com\\\/#\\\/schema\\\/logo\\\/image\\\/\",\"url\":\"https:\\\/\\\/www.cfa-les3bvitre.com\\\/wp-content\\\/uploads\\\/2022\\\/03\\\/cropped-LOGO-CFA-LES-3B-site-web-07.png\",\"contentUrl\":\"https:\\\/\\\/www.cfa-les3bvitre.com\\\/wp-content\\\/uploads\\\/2022\\\/03\\\/cropped-LOGO-CFA-LES-3B-site-web-07.png\",\"width\":240,\"height\":149,\"caption\":\"CFA LES 3B VITR\u00c9\"},\"image\":{\"@id\":\"https:\\\/\\\/www.cfa-les3bvitre.com\\\/#\\\/schema\\\/logo\\\/image\\\/\"},\"sameAs\":[\"https:\\\/\\\/www.facebook.com\\\/cfales3bvitre\",\"https:\\\/\\\/www.linkedin.com\\\/company\\\/cfa-les-3b\\\/\"]}]}<\/script>\n<!-- \/ Yoast SEO plugin. -->","yoast_head_json":{"title":"D\u00e9tails de la formation Sommelier Caviste - CFA Les 3B Vitr\u00e9","description":"Sur cette page, retrouvez les d\u00e9tails de la formation Sommelier Caviste au sein du CFA les 3B Vitr\u00e9. Pour plus d'informations, contactez-nous","robots":{"index":"index","follow":"follow","max-snippet":"max-snippet:-1","max-image-preview":"max-image-preview:large","max-video-preview":"max-video-preview:-1"},"canonical":"https:\/\/www.cfa-les3bvitre.com\/index.php\/details-de-la-formation-sommelier-caviste\/","og_locale":"fr_FR","og_type":"article","og_title":"D\u00e9tails de la formation Sommelier Caviste - CFA Les 3B Vitr\u00e9","og_description":"Sur cette page, retrouvez les d\u00e9tails de la formation Sommelier Caviste au sein du CFA les 3B Vitr\u00e9. Pour plus d'informations, contactez-nous","og_url":"https:\/\/www.cfa-les3bvitre.com\/index.php\/details-de-la-formation-sommelier-caviste\/","og_site_name":"CFA Les 3B Vitr\u00e9","article_publisher":"https:\/\/www.facebook.com\/cfales3bvitre","article_modified_time":"2026-02-27T15:56:13+00:00","og_image":[{"width":2560,"height":1707,"url":"https:\/\/www.cfa-les3bvitre.com\/wp-content\/uploads\/2024\/01\/kym-ellis-aF1NPSnDQLw-unsplash-scaled.jpg","type":"image\/jpeg"}],"twitter_card":"summary_large_image","twitter_misc":{"Dur\u00e9e de lecture estim\u00e9e":"1 minute"},"schema":{"@context":"https:\/\/schema.org","@graph":[{"@type":"WebPage","@id":"https:\/\/www.cfa-les3bvitre.com\/index.php\/details-de-la-formation-sommelier-caviste\/","url":"https:\/\/www.cfa-les3bvitre.com\/index.php\/details-de-la-formation-sommelier-caviste\/","name":"D\u00e9tails de la formation Sommelier Caviste - CFA Les 3B Vitr\u00e9","isPartOf":{"@id":"https:\/\/www.cfa-les3bvitre.com\/#website"},"primaryImageOfPage":{"@id":"https:\/\/www.cfa-les3bvitre.com\/index.php\/details-de-la-formation-sommelier-caviste\/#primaryimage"},"image":{"@id":"https:\/\/www.cfa-les3bvitre.com\/index.php\/details-de-la-formation-sommelier-caviste\/#primaryimage"},"thumbnailUrl":"https:\/\/www.cfa-les3bvitre.com\/wp-content\/uploads\/2024\/01\/kym-ellis-aF1NPSnDQLw-unsplash-1024x683.jpg","datePublished":"2023-01-03T11:22:42+00:00","dateModified":"2026-02-27T15:56:13+00:00","description":"Sur cette page, retrouvez les d\u00e9tails de la formation Sommelier Caviste au sein du CFA les 3B Vitr\u00e9. Pour plus d'informations, contactez-nous","breadcrumb":{"@id":"https:\/\/www.cfa-les3bvitre.com\/index.php\/details-de-la-formation-sommelier-caviste\/#breadcrumb"},"inLanguage":"fr-FR","potentialAction":[{"@type":"ReadAction","target":["https:\/\/www.cfa-les3bvitre.com\/index.php\/details-de-la-formation-sommelier-caviste\/"]}]},{"@type":"ImageObject","inLanguage":"fr-FR","@id":"https:\/\/www.cfa-les3bvitre.com\/index.php\/details-de-la-formation-sommelier-caviste\/#primaryimage","url":"https:\/\/www.cfa-les3bvitre.com\/wp-content\/uploads\/2024\/01\/kym-ellis-aF1NPSnDQLw-unsplash-scaled.jpg","contentUrl":"https:\/\/www.cfa-les3bvitre.com\/wp-content\/uploads\/2024\/01\/kym-ellis-aF1NPSnDQLw-unsplash-scaled.jpg","width":2560,"height":1707},{"@type":"BreadcrumbList","@id":"https:\/\/www.cfa-les3bvitre.com\/index.php\/details-de-la-formation-sommelier-caviste\/#breadcrumb","itemListElement":[{"@type":"ListItem","position":1,"name":"Accueil","item":"https:\/\/www.cfa-les3bvitre.com\/"},{"@type":"ListItem","position":2,"name":"D\u00e9tails de la formation Sommelier Caviste"}]},{"@type":"WebSite","@id":"https:\/\/www.cfa-les3bvitre.com\/#website","url":"https:\/\/www.cfa-les3bvitre.com\/","name":"CFA Les 3B Vitr\u00e9","description":"","publisher":{"@id":"https:\/\/www.cfa-les3bvitre.com\/#organization"},"potentialAction":[{"@type":"SearchAction","target":{"@type":"EntryPoint","urlTemplate":"https:\/\/www.cfa-les3bvitre.com\/?s={search_term_string}"},"query-input":{"@type":"PropertyValueSpecification","valueRequired":true,"valueName":"search_term_string"}}],"inLanguage":"fr-FR"},{"@type":"Organization","@id":"https:\/\/www.cfa-les3bvitre.com\/#organization","name":"CFA LES 3B VITR\u00c9","url":"https:\/\/www.cfa-les3bvitre.com\/","logo":{"@type":"ImageObject","inLanguage":"fr-FR","@id":"https:\/\/www.cfa-les3bvitre.com\/#\/schema\/logo\/image\/","url":"https:\/\/www.cfa-les3bvitre.com\/wp-content\/uploads\/2022\/03\/cropped-LOGO-CFA-LES-3B-site-web-07.png","contentUrl":"https:\/\/www.cfa-les3bvitre.com\/wp-content\/uploads\/2022\/03\/cropped-LOGO-CFA-LES-3B-site-web-07.png","width":240,"height":149,"caption":"CFA LES 3B VITR\u00c9"},"image":{"@id":"https:\/\/www.cfa-les3bvitre.com\/#\/schema\/logo\/image\/"},"sameAs":["https:\/\/www.facebook.com\/cfales3bvitre","https:\/\/www.linkedin.com\/company\/cfa-les-3b\/"]}]}},"_links":{"self":[{"href":"https:\/\/www.cfa-les3bvitre.com\/index.php\/wp-json\/wp\/v2\/pages\/1116","targetHints":{"allow":["GET"]}}],"collection":[{"href":"https:\/\/www.cfa-les3bvitre.com\/index.php\/wp-json\/wp\/v2\/pages"}],"about":[{"href":"https:\/\/www.cfa-les3bvitre.com\/index.php\/wp-json\/wp\/v2\/types\/page"}],"author":[{"embeddable":true,"href":"https:\/\/www.cfa-les3bvitre.com\/index.php\/wp-json\/wp\/v2\/users\/2"}],"replies":[{"embeddable":true,"href":"https:\/\/www.cfa-les3bvitre.com\/index.php\/wp-json\/wp\/v2\/comments?post=1116"}],"version-history":[{"count":63,"href":"https:\/\/www.cfa-les3bvitre.com\/index.php\/wp-json\/wp\/v2\/pages\/1116\/revisions"}],"predecessor-version":[{"id":4466,"href":"https:\/\/www.cfa-les3bvitre.com\/index.php\/wp-json\/wp\/v2\/pages\/1116\/revisions\/4466"}],"wp:attachment":[{"href":"https:\/\/www.cfa-les3bvitre.com\/index.php\/wp-json\/wp\/v2\/media?parent=1116"}],"curies":[{"name":"wp","href":"https:\/\/api.w.org\/{rel}","templated":true}]}}