{"id":1127,"date":"2023-01-03T12:29:29","date_gmt":"2023-01-03T11:29:29","guid":{"rendered":"https:\/\/www.cfa-les3bvitre.com\/?page_id=1127"},"modified":"2026-01-13T11:04:23","modified_gmt":"2026-01-13T10:04:23","slug":"objectifs-de-la-formation-sommelier-caviste","status":"publish","type":"page","link":"https:\/\/www.cfa-les3bvitre.com\/index.php\/objectifs-de-la-formation-sommelier-caviste\/","title":{"rendered":"OBJECTIFS DE LA FORMATION SOMMELIER CAVISTE"},"content":{"rendered":"\n<h2 class=\"wp-block-heading alignwide has-medium-font-size\">Cette formation conduit \u00e0 une certification de niveau 4. Elle comprend cinq blocs de comp\u00e9tences, qui peuvent \u00eatre valid\u00e9s ind\u00e9pendamment les uns des autres. Cependant, la validation de l\u2019ensemble des blocs est n\u00e9cessaire pour obtenir la certification. Les blocs acquis le sont \u00e0 vie et vous disposez de 5 ans pour repasser les blocs non acquis.<\/h2>\n\n\n\n<p><\/p>\n\n\n\n<ul class=\"wp-block-list\">\n<li class=\"has-medium-font-size\">Bloc 1 : \u00c9laborer une offre de vins et autres produits nobles.<\/li>\n\n\n\n<li class=\"has-medium-font-size\">Bloc 2 : Assurer la vente de vins et autres produits nobles.<\/li>\n\n\n\n<li class=\"has-medium-font-size\">Bloc 3 : Conseiller une offre de vins et autres produits nobles.<\/li>\n\n\n\n<li class=\"has-medium-font-size\">Bloc 4 : Promouvoir l\u2019offre de vins et autres produits nobles sur les march\u00e9s fran\u00e7ais et internationaux.<\/li>\n\n\n\n<li class=\"has-medium-font-size\">Bloc 5 : G\u00e9rer et d\u00e9velopper une activit\u00e9 de sommelier caviste.<\/li>\n<\/ul>\n\n\n\n<p><\/p>\n\n\n\n<p><a href=\"https:\/\/www.francecompetences.fr\/recherche\/rncp\/39204\/\">R\u00e9f\u00e9rentiel de la formation : RNCP 39204 &#8211; Sommelier Caviste &#8211; France Comp\u00e9tences<\/a><\/p>\n\n\n\n<div style=\"height:100px\" aria-hidden=\"true\" class=\"wp-block-spacer\"><\/div>\n\n\n\n<div class=\"wp-block-buttons is-content-justification-right is-layout-flex wp-container-core-buttons-is-layout-765c4724 wp-block-buttons-is-layout-flex\">\n<div class=\"wp-block-button has-custom-width wp-block-button__width-25 is-style-fill\"><a class=\"wp-block-button__link has-white-color has-text-color has-background has-link-color has-medium-font-size has-custom-font-size wp-element-button\" href=\"https:\/\/www.cfa-les3bvitre.com\/index.php\/modalites-devaluation-2\/\" style=\"background-color:#4aa3a2\"><strong>Voir les modalit\u00e9s d&rsquo;\u00e9valuation<\/strong><\/a><\/div>\n<\/div>\n\n\n\n<p><\/p>\n","protected":false},"excerpt":{"rendered":"<p>Cette formation conduit \u00e0 une certification de niveau 4. Elle comprend cinq blocs de comp\u00e9tences, qui peuvent \u00eatre valid\u00e9s ind\u00e9pendamment les uns des autres. Cependant, la validation de l\u2019ensemble des blocs est n\u00e9cessaire pour obtenir la certification. Les blocs acquis le sont \u00e0 vie et vous disposez de 5 ans pour repasser les blocs non [&hellip;]<\/p>\n","protected":false},"author":2,"featured_media":0,"parent":0,"menu_order":0,"comment_status":"closed","ping_status":"closed","template":"","meta":{"_regular_price":[],"currency_symbol":[],"footnotes":""},"class_list":["post-1127","page","type-page","status-publish","hentry"],"post_slider_layout_featured_media_urls":{"thumbnail":"","post_slider_layout_landscape_large":"","post_slider_layout_portrait_large":"","post_slider_layout_square_large":"","post_slider_layout_landscape":"","post_slider_layout_portrait":"","post_slider_layout_square":"","full":""},"yoast_head":"<!-- This site is optimized with the Yoast SEO plugin v27.4 - https:\/\/yoast.com\/product\/yoast-seo-wordpress\/ -->\n<title>OBJECTIFS DE LA FORMATION SOMMELIER CAVISTE - CFA Les 3B Vitr\u00e9<\/title>\n<meta name=\"description\" content=\"Description des objectifs apport\u00e9s par formation Sommelier Caviste aux apprenti.e.s, noms des diff\u00e9rents blocs de la formation\" \/>\n<meta name=\"robots\" content=\"index, follow, max-snippet:-1, max-image-preview:large, max-video-preview:-1\" \/>\n<link rel=\"canonical\" href=\"https:\/\/www.cfa-les3bvitre.com\/index.php\/objectifs-de-la-formation-sommelier-caviste\/\" \/>\n<meta property=\"og:locale\" content=\"fr_FR\" \/>\n<meta property=\"og:type\" content=\"article\" \/>\n<meta property=\"og:title\" content=\"OBJECTIFS DE LA FORMATION SOMMELIER CAVISTE - CFA Les 3B Vitr\u00e9\" \/>\n<meta property=\"og:description\" content=\"Description des objectifs apport\u00e9s par formation Sommelier Caviste aux apprenti.e.s, noms des diff\u00e9rents blocs de la formation\" \/>\n<meta property=\"og:url\" content=\"https:\/\/www.cfa-les3bvitre.com\/index.php\/objectifs-de-la-formation-sommelier-caviste\/\" \/>\n<meta property=\"og:site_name\" content=\"CFA Les 3B Vitr\u00e9\" \/>\n<meta property=\"article:publisher\" content=\"https:\/\/www.facebook.com\/cfales3bvitre\" \/>\n<meta property=\"article:modified_time\" content=\"2026-01-13T10:04:23+00:00\" \/>\n<meta name=\"twitter:card\" content=\"summary_large_image\" \/>\n<meta name=\"twitter:label1\" content=\"Dur\u00e9e de lecture estim\u00e9e\" \/>\n\t<meta name=\"twitter:data1\" content=\"1 minute\" \/>\n<script type=\"application\/ld+json\" class=\"yoast-schema-graph\">{\"@context\":\"https:\\\/\\\/schema.org\",\"@graph\":[{\"@type\":\"WebPage\",\"@id\":\"https:\\\/\\\/www.cfa-les3bvitre.com\\\/index.php\\\/objectifs-de-la-formation-sommelier-caviste\\\/\",\"url\":\"https:\\\/\\\/www.cfa-les3bvitre.com\\\/index.php\\\/objectifs-de-la-formation-sommelier-caviste\\\/\",\"name\":\"OBJECTIFS DE LA FORMATION SOMMELIER CAVISTE - CFA Les 3B Vitr\u00e9\",\"isPartOf\":{\"@id\":\"https:\\\/\\\/www.cfa-les3bvitre.com\\\/#website\"},\"datePublished\":\"2023-01-03T11:29:29+00:00\",\"dateModified\":\"2026-01-13T10:04:23+00:00\",\"description\":\"Description des objectifs apport\u00e9s par formation Sommelier Caviste aux apprenti.e.s, noms des diff\u00e9rents blocs de la formation\",\"breadcrumb\":{\"@id\":\"https:\\\/\\\/www.cfa-les3bvitre.com\\\/index.php\\\/objectifs-de-la-formation-sommelier-caviste\\\/#breadcrumb\"},\"inLanguage\":\"fr-FR\",\"potentialAction\":[{\"@type\":\"ReadAction\",\"target\":[\"https:\\\/\\\/www.cfa-les3bvitre.com\\\/index.php\\\/objectifs-de-la-formation-sommelier-caviste\\\/\"]}]},{\"@type\":\"BreadcrumbList\",\"@id\":\"https:\\\/\\\/www.cfa-les3bvitre.com\\\/index.php\\\/objectifs-de-la-formation-sommelier-caviste\\\/#breadcrumb\",\"itemListElement\":[{\"@type\":\"ListItem\",\"position\":1,\"name\":\"Accueil\",\"item\":\"https:\\\/\\\/www.cfa-les3bvitre.com\\\/\"},{\"@type\":\"ListItem\",\"position\":2,\"name\":\"OBJECTIFS DE LA FORMATION SOMMELIER CAVISTE\"}]},{\"@type\":\"WebSite\",\"@id\":\"https:\\\/\\\/www.cfa-les3bvitre.com\\\/#website\",\"url\":\"https:\\\/\\\/www.cfa-les3bvitre.com\\\/\",\"name\":\"CFA Les 3B Vitr\u00e9\",\"description\":\"\",\"publisher\":{\"@id\":\"https:\\\/\\\/www.cfa-les3bvitre.com\\\/#organization\"},\"potentialAction\":[{\"@type\":\"SearchAction\",\"target\":{\"@type\":\"EntryPoint\",\"urlTemplate\":\"https:\\\/\\\/www.cfa-les3bvitre.com\\\/?s={search_term_string}\"},\"query-input\":{\"@type\":\"PropertyValueSpecification\",\"valueRequired\":true,\"valueName\":\"search_term_string\"}}],\"inLanguage\":\"fr-FR\"},{\"@type\":\"Organization\",\"@id\":\"https:\\\/\\\/www.cfa-les3bvitre.com\\\/#organization\",\"name\":\"CFA LES 3B VITR\u00c9\",\"url\":\"https:\\\/\\\/www.cfa-les3bvitre.com\\\/\",\"logo\":{\"@type\":\"ImageObject\",\"inLanguage\":\"fr-FR\",\"@id\":\"https:\\\/\\\/www.cfa-les3bvitre.com\\\/#\\\/schema\\\/logo\\\/image\\\/\",\"url\":\"https:\\\/\\\/www.cfa-les3bvitre.com\\\/wp-content\\\/uploads\\\/2022\\\/03\\\/cropped-LOGO-CFA-LES-3B-site-web-07.png\",\"contentUrl\":\"https:\\\/\\\/www.cfa-les3bvitre.com\\\/wp-content\\\/uploads\\\/2022\\\/03\\\/cropped-LOGO-CFA-LES-3B-site-web-07.png\",\"width\":240,\"height\":149,\"caption\":\"CFA LES 3B VITR\u00c9\"},\"image\":{\"@id\":\"https:\\\/\\\/www.cfa-les3bvitre.com\\\/#\\\/schema\\\/logo\\\/image\\\/\"},\"sameAs\":[\"https:\\\/\\\/www.facebook.com\\\/cfales3bvitre\",\"https:\\\/\\\/www.linkedin.com\\\/company\\\/cfa-les-3b\\\/\"]}]}<\/script>\n<!-- \/ Yoast SEO plugin. -->","yoast_head_json":{"title":"OBJECTIFS DE LA FORMATION SOMMELIER CAVISTE - CFA Les 3B Vitr\u00e9","description":"Description des objectifs apport\u00e9s par formation Sommelier Caviste aux apprenti.e.s, noms des diff\u00e9rents blocs de la formation","robots":{"index":"index","follow":"follow","max-snippet":"max-snippet:-1","max-image-preview":"max-image-preview:large","max-video-preview":"max-video-preview:-1"},"canonical":"https:\/\/www.cfa-les3bvitre.com\/index.php\/objectifs-de-la-formation-sommelier-caviste\/","og_locale":"fr_FR","og_type":"article","og_title":"OBJECTIFS DE LA FORMATION SOMMELIER CAVISTE - CFA Les 3B Vitr\u00e9","og_description":"Description des objectifs apport\u00e9s par formation Sommelier Caviste aux apprenti.e.s, noms des diff\u00e9rents blocs de la formation","og_url":"https:\/\/www.cfa-les3bvitre.com\/index.php\/objectifs-de-la-formation-sommelier-caviste\/","og_site_name":"CFA Les 3B Vitr\u00e9","article_publisher":"https:\/\/www.facebook.com\/cfales3bvitre","article_modified_time":"2026-01-13T10:04:23+00:00","twitter_card":"summary_large_image","twitter_misc":{"Dur\u00e9e de lecture estim\u00e9e":"1 minute"},"schema":{"@context":"https:\/\/schema.org","@graph":[{"@type":"WebPage","@id":"https:\/\/www.cfa-les3bvitre.com\/index.php\/objectifs-de-la-formation-sommelier-caviste\/","url":"https:\/\/www.cfa-les3bvitre.com\/index.php\/objectifs-de-la-formation-sommelier-caviste\/","name":"OBJECTIFS DE LA FORMATION SOMMELIER CAVISTE - CFA Les 3B Vitr\u00e9","isPartOf":{"@id":"https:\/\/www.cfa-les3bvitre.com\/#website"},"datePublished":"2023-01-03T11:29:29+00:00","dateModified":"2026-01-13T10:04:23+00:00","description":"Description des objectifs apport\u00e9s par formation Sommelier Caviste aux apprenti.e.s, noms des diff\u00e9rents blocs de la formation","breadcrumb":{"@id":"https:\/\/www.cfa-les3bvitre.com\/index.php\/objectifs-de-la-formation-sommelier-caviste\/#breadcrumb"},"inLanguage":"fr-FR","potentialAction":[{"@type":"ReadAction","target":["https:\/\/www.cfa-les3bvitre.com\/index.php\/objectifs-de-la-formation-sommelier-caviste\/"]}]},{"@type":"BreadcrumbList","@id":"https:\/\/www.cfa-les3bvitre.com\/index.php\/objectifs-de-la-formation-sommelier-caviste\/#breadcrumb","itemListElement":[{"@type":"ListItem","position":1,"name":"Accueil","item":"https:\/\/www.cfa-les3bvitre.com\/"},{"@type":"ListItem","position":2,"name":"OBJECTIFS DE LA FORMATION SOMMELIER CAVISTE"}]},{"@type":"WebSite","@id":"https:\/\/www.cfa-les3bvitre.com\/#website","url":"https:\/\/www.cfa-les3bvitre.com\/","name":"CFA Les 3B Vitr\u00e9","description":"","publisher":{"@id":"https:\/\/www.cfa-les3bvitre.com\/#organization"},"potentialAction":[{"@type":"SearchAction","target":{"@type":"EntryPoint","urlTemplate":"https:\/\/www.cfa-les3bvitre.com\/?s={search_term_string}"},"query-input":{"@type":"PropertyValueSpecification","valueRequired":true,"valueName":"search_term_string"}}],"inLanguage":"fr-FR"},{"@type":"Organization","@id":"https:\/\/www.cfa-les3bvitre.com\/#organization","name":"CFA LES 3B VITR\u00c9","url":"https:\/\/www.cfa-les3bvitre.com\/","logo":{"@type":"ImageObject","inLanguage":"fr-FR","@id":"https:\/\/www.cfa-les3bvitre.com\/#\/schema\/logo\/image\/","url":"https:\/\/www.cfa-les3bvitre.com\/wp-content\/uploads\/2022\/03\/cropped-LOGO-CFA-LES-3B-site-web-07.png","contentUrl":"https:\/\/www.cfa-les3bvitre.com\/wp-content\/uploads\/2022\/03\/cropped-LOGO-CFA-LES-3B-site-web-07.png","width":240,"height":149,"caption":"CFA LES 3B VITR\u00c9"},"image":{"@id":"https:\/\/www.cfa-les3bvitre.com\/#\/schema\/logo\/image\/"},"sameAs":["https:\/\/www.facebook.com\/cfales3bvitre","https:\/\/www.linkedin.com\/company\/cfa-les-3b\/"]}]}},"_links":{"self":[{"href":"https:\/\/www.cfa-les3bvitre.com\/index.php\/wp-json\/wp\/v2\/pages\/1127","targetHints":{"allow":["GET"]}}],"collection":[{"href":"https:\/\/www.cfa-les3bvitre.com\/index.php\/wp-json\/wp\/v2\/pages"}],"about":[{"href":"https:\/\/www.cfa-les3bvitre.com\/index.php\/wp-json\/wp\/v2\/types\/page"}],"author":[{"embeddable":true,"href":"https:\/\/www.cfa-les3bvitre.com\/index.php\/wp-json\/wp\/v2\/users\/2"}],"replies":[{"embeddable":true,"href":"https:\/\/www.cfa-les3bvitre.com\/index.php\/wp-json\/wp\/v2\/comments?post=1127"}],"version-history":[{"count":14,"href":"https:\/\/www.cfa-les3bvitre.com\/index.php\/wp-json\/wp\/v2\/pages\/1127\/revisions"}],"predecessor-version":[{"id":4072,"href":"https:\/\/www.cfa-les3bvitre.com\/index.php\/wp-json\/wp\/v2\/pages\/1127\/revisions\/4072"}],"wp:attachment":[{"href":"https:\/\/www.cfa-les3bvitre.com\/index.php\/wp-json\/wp\/v2\/media?parent=1127"}],"curies":[{"name":"wp","href":"https:\/\/api.w.org\/{rel}","templated":true}]}}