{"id":1164,"date":"2023-01-05T14:57:00","date_gmt":"2023-01-05T13:57:00","guid":{"rendered":"https:\/\/www.cfa-les3bvitre.com\/?page_id=1164"},"modified":"2023-01-05T14:57:00","modified_gmt":"2023-01-05T13:57:00","slug":"resultats-de-lenquete-2020-parcours-des-laureats","status":"publish","type":"page","link":"https:\/\/www.cfa-les3bvitre.com\/index.php\/resultats-de-lenquete-2020-parcours-des-laureats\/","title":{"rendered":"<strong>R\u00e9sultats de l\u2019enqu\u00eate 2020 \u201cParcours des Laur\u00e9ats\u201d<\/strong>"},"content":{"rendered":"\n<div class=\"wp-block-columns alignfull is-layout-flex wp-container-core-columns-is-layout-9d6595d7 wp-block-columns-is-layout-flex\">\n<div class=\"wp-block-column is-layout-flow wp-block-column-is-layout-flow\" style=\"flex-basis:50%\">\n<div class=\"wp-block-cover is-light\" style=\"min-height:600px;aspect-ratio:unset;\"><span aria-hidden=\"true\" class=\"wp-block-cover__background has-background-dim-100 has-background-dim\" style=\"background-color:#f6f6f6\"><\/span><div class=\"wp-block-cover__inner-container is-layout-flow wp-block-cover-is-layout-flow\">\n<figure class=\"wp-block-image alignwide size-large\"><img loading=\"lazy\" decoding=\"async\" width=\"1024\" height=\"682\" src=\"https:\/\/www.cfa-les3bvitre.com\/wp-content\/uploads\/2022\/03\/vignes-1024x682.png\" alt=\"\" class=\"wp-image-782\"\/><\/figure>\n<\/div><\/div>\n<\/div>\n\n\n\n<div class=\"wp-block-column is-vertically-aligned-center is-layout-flow wp-block-column-is-layout-flow\" style=\"padding-top:1em;padding-right:1em;padding-bottom:1em;padding-left:1em;flex-basis:280px\">\n<div class=\"wp-block-columns alignwide is-layout-flex wp-container-core-columns-is-layout-9d6595d7 wp-block-columns-is-layout-flex\">\n<div class=\"wp-block-column is-layout-flow wp-block-column-is-layout-flow\" style=\"flex-basis:320px\">\n<p class=\"has-small-font-size\">A l\u2019entr\u00e9e en formation, 49% \u00e9taient demandeurs d\u2019emploi, 34% salari\u00e9s, 6,5% saisonniers et 3,9% ind\u00e9pendants. <\/p>\n\n\n\n<p><\/p>\n\n\n\n<p class=\"has-small-font-size\" style=\"line-height:1.6\">Six mois apr\u00e8s leur formation, 78,5% sont en activit\u00e9 dont 64,4% salari\u00e9s et 11,4% auto-entrepreneurs.<\/p>\n\n\n\n<p><\/p>\n\n\n\n<p class=\"has-small-font-size\" style=\"line-height:1.6\">Parmi les salari\u00e9s, 55,6% sont en CDI. 67,3% des laur\u00e9ats ont exerc\u00e9 un m\u00e9tier en lien avec la certification avant 6 mois. <\/p>\n\n\n\n<p><\/p>\n\n\n\n<p class=\"has-small-font-size\" style=\"line-height:1.6\">Parmi les laur\u00e9ats, 6 mois apr\u00e8s la formation, 60,5% travaillent dans les secteurs h\u00f4tellerie restauration tourisme, 20,2% dans le commerce de d\u00e9tail et 4,8% en agro-alimentaire, au sein de PME pour 44,1% et de TPE pour 41,5%. <\/p>\n\n\n\n<p><\/p>\n\n\n\n<p class=\"has-small-font-size\" style=\"line-height:1.6\">L\u2019enqu\u00eate porte sur les personnes titulaires du titre complet, ainsi que sur les personnes ayant valid\u00e9 un ou plusieurs blocs.<\/p>\n<\/div>\n<\/div>\n<\/div>\n<\/div>\n","protected":false},"excerpt":{"rendered":"<p>A l\u2019entr\u00e9e en formation, 49% \u00e9taient demandeurs d\u2019emploi, 34% salari\u00e9s, 6,5% saisonniers et 3,9% ind\u00e9pendants. Six mois apr\u00e8s leur formation, 78,5% sont en activit\u00e9 dont 64,4% salari\u00e9s et 11,4% auto-entrepreneurs. Parmi les salari\u00e9s, 55,6% sont en CDI. 67,3% des laur\u00e9ats ont exerc\u00e9 un m\u00e9tier en lien avec la certification avant 6 mois. Parmi les laur\u00e9ats, [&hellip;]<\/p>\n","protected":false},"author":2,"featured_media":0,"parent":0,"menu_order":0,"comment_status":"closed","ping_status":"closed","template":"","meta":{"_regular_price":[],"currency_symbol":[],"footnotes":""},"class_list":["post-1164","page","type-page","status-publish","hentry"],"post_slider_layout_featured_media_urls":{"thumbnail":"","post_slider_layout_landscape_large":"","post_slider_layout_portrait_large":"","post_slider_layout_square_large":"","post_slider_layout_landscape":"","post_slider_layout_portrait":"","post_slider_layout_square":"","full":""},"yoast_head":"<!-- This site is optimized with the Yoast SEO plugin v27.4 - https:\/\/yoast.com\/product\/yoast-seo-wordpress\/ -->\n<title>R\u00e9sultats de l\u2019enqu\u00eate 2020 \u201cParcours des Laur\u00e9ats\u201d - CFA Les 3B Vitr\u00e9<\/title>\n<meta name=\"robots\" content=\"index, follow, max-snippet:-1, max-image-preview:large, max-video-preview:-1\" \/>\n<link rel=\"canonical\" href=\"https:\/\/www.cfa-les3bvitre.com\/index.php\/resultats-de-lenquete-2020-parcours-des-laureats\/\" \/>\n<meta property=\"og:locale\" content=\"fr_FR\" \/>\n<meta property=\"og:type\" content=\"article\" \/>\n<meta property=\"og:title\" content=\"R\u00e9sultats de l\u2019enqu\u00eate 2020 \u201cParcours des Laur\u00e9ats\u201d - CFA Les 3B Vitr\u00e9\" \/>\n<meta property=\"og:description\" content=\"A l\u2019entr\u00e9e en formation, 49% \u00e9taient demandeurs d\u2019emploi, 34% salari\u00e9s, 6,5% saisonniers et 3,9% ind\u00e9pendants. Six mois apr\u00e8s leur formation, 78,5% sont en activit\u00e9 dont 64,4% salari\u00e9s et 11,4% auto-entrepreneurs. Parmi les salari\u00e9s, 55,6% sont en CDI. 67,3% des laur\u00e9ats ont exerc\u00e9 un m\u00e9tier en lien avec la certification avant 6 mois. Parmi les laur\u00e9ats, [&hellip;]\" \/>\n<meta property=\"og:url\" content=\"https:\/\/www.cfa-les3bvitre.com\/index.php\/resultats-de-lenquete-2020-parcours-des-laureats\/\" \/>\n<meta property=\"og:site_name\" content=\"CFA Les 3B Vitr\u00e9\" \/>\n<meta property=\"article:publisher\" content=\"https:\/\/www.facebook.com\/cfales3bvitre\" \/>\n<meta property=\"og:image\" content=\"https:\/\/www.cfa-les3bvitre.com\/wp-content\/uploads\/2022\/03\/vignes-1024x682.png\" \/>\n<meta name=\"twitter:card\" content=\"summary_large_image\" \/>\n<meta name=\"twitter:label1\" content=\"Dur\u00e9e de lecture estim\u00e9e\" \/>\n\t<meta name=\"twitter:data1\" content=\"1 minute\" \/>\n<script type=\"application\/ld+json\" class=\"yoast-schema-graph\">{\"@context\":\"https:\\\/\\\/schema.org\",\"@graph\":[{\"@type\":\"WebPage\",\"@id\":\"https:\\\/\\\/www.cfa-les3bvitre.com\\\/index.php\\\/resultats-de-lenquete-2020-parcours-des-laureats\\\/\",\"url\":\"https:\\\/\\\/www.cfa-les3bvitre.com\\\/index.php\\\/resultats-de-lenquete-2020-parcours-des-laureats\\\/\",\"name\":\"R\u00e9sultats de l\u2019enqu\u00eate 2020 \u201cParcours des Laur\u00e9ats\u201d - CFA Les 3B Vitr\u00e9\",\"isPartOf\":{\"@id\":\"https:\\\/\\\/www.cfa-les3bvitre.com\\\/#website\"},\"primaryImageOfPage\":{\"@id\":\"https:\\\/\\\/www.cfa-les3bvitre.com\\\/index.php\\\/resultats-de-lenquete-2020-parcours-des-laureats\\\/#primaryimage\"},\"image\":{\"@id\":\"https:\\\/\\\/www.cfa-les3bvitre.com\\\/index.php\\\/resultats-de-lenquete-2020-parcours-des-laureats\\\/#primaryimage\"},\"thumbnailUrl\":\"https:\\\/\\\/www.cfa-les3bvitre.com\\\/wp-content\\\/uploads\\\/2022\\\/03\\\/vignes-1024x682.png\",\"datePublished\":\"2023-01-05T13:57:00+00:00\",\"breadcrumb\":{\"@id\":\"https:\\\/\\\/www.cfa-les3bvitre.com\\\/index.php\\\/resultats-de-lenquete-2020-parcours-des-laureats\\\/#breadcrumb\"},\"inLanguage\":\"fr-FR\",\"potentialAction\":[{\"@type\":\"ReadAction\",\"target\":[\"https:\\\/\\\/www.cfa-les3bvitre.com\\\/index.php\\\/resultats-de-lenquete-2020-parcours-des-laureats\\\/\"]}]},{\"@type\":\"ImageObject\",\"inLanguage\":\"fr-FR\",\"@id\":\"https:\\\/\\\/www.cfa-les3bvitre.com\\\/index.php\\\/resultats-de-lenquete-2020-parcours-des-laureats\\\/#primaryimage\",\"url\":\"https:\\\/\\\/www.cfa-les3bvitre.com\\\/wp-content\\\/uploads\\\/2022\\\/03\\\/vignes-1024x682.png\",\"contentUrl\":\"https:\\\/\\\/www.cfa-les3bvitre.com\\\/wp-content\\\/uploads\\\/2022\\\/03\\\/vignes-1024x682.png\"},{\"@type\":\"BreadcrumbList\",\"@id\":\"https:\\\/\\\/www.cfa-les3bvitre.com\\\/index.php\\\/resultats-de-lenquete-2020-parcours-des-laureats\\\/#breadcrumb\",\"itemListElement\":[{\"@type\":\"ListItem\",\"position\":1,\"name\":\"Accueil\",\"item\":\"https:\\\/\\\/www.cfa-les3bvitre.com\\\/\"},{\"@type\":\"ListItem\",\"position\":2,\"name\":\"R\u00e9sultats de l\u2019enqu\u00eate 2020 \u201cParcours des Laur\u00e9ats\u201d\"}]},{\"@type\":\"WebSite\",\"@id\":\"https:\\\/\\\/www.cfa-les3bvitre.com\\\/#website\",\"url\":\"https:\\\/\\\/www.cfa-les3bvitre.com\\\/\",\"name\":\"CFA Les 3B Vitr\u00e9\",\"description\":\"\",\"publisher\":{\"@id\":\"https:\\\/\\\/www.cfa-les3bvitre.com\\\/#organization\"},\"potentialAction\":[{\"@type\":\"SearchAction\",\"target\":{\"@type\":\"EntryPoint\",\"urlTemplate\":\"https:\\\/\\\/www.cfa-les3bvitre.com\\\/?s={search_term_string}\"},\"query-input\":{\"@type\":\"PropertyValueSpecification\",\"valueRequired\":true,\"valueName\":\"search_term_string\"}}],\"inLanguage\":\"fr-FR\"},{\"@type\":\"Organization\",\"@id\":\"https:\\\/\\\/www.cfa-les3bvitre.com\\\/#organization\",\"name\":\"CFA LES 3B VITR\u00c9\",\"url\":\"https:\\\/\\\/www.cfa-les3bvitre.com\\\/\",\"logo\":{\"@type\":\"ImageObject\",\"inLanguage\":\"fr-FR\",\"@id\":\"https:\\\/\\\/www.cfa-les3bvitre.com\\\/#\\\/schema\\\/logo\\\/image\\\/\",\"url\":\"https:\\\/\\\/www.cfa-les3bvitre.com\\\/wp-content\\\/uploads\\\/2022\\\/03\\\/cropped-LOGO-CFA-LES-3B-site-web-07.png\",\"contentUrl\":\"https:\\\/\\\/www.cfa-les3bvitre.com\\\/wp-content\\\/uploads\\\/2022\\\/03\\\/cropped-LOGO-CFA-LES-3B-site-web-07.png\",\"width\":240,\"height\":149,\"caption\":\"CFA LES 3B VITR\u00c9\"},\"image\":{\"@id\":\"https:\\\/\\\/www.cfa-les3bvitre.com\\\/#\\\/schema\\\/logo\\\/image\\\/\"},\"sameAs\":[\"https:\\\/\\\/www.facebook.com\\\/cfales3bvitre\",\"https:\\\/\\\/www.linkedin.com\\\/company\\\/cfa-les-3b\\\/\"]}]}<\/script>\n<!-- \/ Yoast SEO plugin. -->","yoast_head_json":{"title":"R\u00e9sultats de l\u2019enqu\u00eate 2020 \u201cParcours des Laur\u00e9ats\u201d - CFA Les 3B Vitr\u00e9","robots":{"index":"index","follow":"follow","max-snippet":"max-snippet:-1","max-image-preview":"max-image-preview:large","max-video-preview":"max-video-preview:-1"},"canonical":"https:\/\/www.cfa-les3bvitre.com\/index.php\/resultats-de-lenquete-2020-parcours-des-laureats\/","og_locale":"fr_FR","og_type":"article","og_title":"R\u00e9sultats de l\u2019enqu\u00eate 2020 \u201cParcours des Laur\u00e9ats\u201d - CFA Les 3B Vitr\u00e9","og_description":"A l\u2019entr\u00e9e en formation, 49% \u00e9taient demandeurs d\u2019emploi, 34% salari\u00e9s, 6,5% saisonniers et 3,9% ind\u00e9pendants. Six mois apr\u00e8s leur formation, 78,5% sont en activit\u00e9 dont 64,4% salari\u00e9s et 11,4% auto-entrepreneurs. Parmi les salari\u00e9s, 55,6% sont en CDI. 67,3% des laur\u00e9ats ont exerc\u00e9 un m\u00e9tier en lien avec la certification avant 6 mois. Parmi les laur\u00e9ats, [&hellip;]","og_url":"https:\/\/www.cfa-les3bvitre.com\/index.php\/resultats-de-lenquete-2020-parcours-des-laureats\/","og_site_name":"CFA Les 3B Vitr\u00e9","article_publisher":"https:\/\/www.facebook.com\/cfales3bvitre","og_image":[{"url":"https:\/\/www.cfa-les3bvitre.com\/wp-content\/uploads\/2022\/03\/vignes-1024x682.png","type":"","width":"","height":""}],"twitter_card":"summary_large_image","twitter_misc":{"Dur\u00e9e de lecture estim\u00e9e":"1 minute"},"schema":{"@context":"https:\/\/schema.org","@graph":[{"@type":"WebPage","@id":"https:\/\/www.cfa-les3bvitre.com\/index.php\/resultats-de-lenquete-2020-parcours-des-laureats\/","url":"https:\/\/www.cfa-les3bvitre.com\/index.php\/resultats-de-lenquete-2020-parcours-des-laureats\/","name":"R\u00e9sultats de l\u2019enqu\u00eate 2020 \u201cParcours des Laur\u00e9ats\u201d - CFA Les 3B Vitr\u00e9","isPartOf":{"@id":"https:\/\/www.cfa-les3bvitre.com\/#website"},"primaryImageOfPage":{"@id":"https:\/\/www.cfa-les3bvitre.com\/index.php\/resultats-de-lenquete-2020-parcours-des-laureats\/#primaryimage"},"image":{"@id":"https:\/\/www.cfa-les3bvitre.com\/index.php\/resultats-de-lenquete-2020-parcours-des-laureats\/#primaryimage"},"thumbnailUrl":"https:\/\/www.cfa-les3bvitre.com\/wp-content\/uploads\/2022\/03\/vignes-1024x682.png","datePublished":"2023-01-05T13:57:00+00:00","breadcrumb":{"@id":"https:\/\/www.cfa-les3bvitre.com\/index.php\/resultats-de-lenquete-2020-parcours-des-laureats\/#breadcrumb"},"inLanguage":"fr-FR","potentialAction":[{"@type":"ReadAction","target":["https:\/\/www.cfa-les3bvitre.com\/index.php\/resultats-de-lenquete-2020-parcours-des-laureats\/"]}]},{"@type":"ImageObject","inLanguage":"fr-FR","@id":"https:\/\/www.cfa-les3bvitre.com\/index.php\/resultats-de-lenquete-2020-parcours-des-laureats\/#primaryimage","url":"https:\/\/www.cfa-les3bvitre.com\/wp-content\/uploads\/2022\/03\/vignes-1024x682.png","contentUrl":"https:\/\/www.cfa-les3bvitre.com\/wp-content\/uploads\/2022\/03\/vignes-1024x682.png"},{"@type":"BreadcrumbList","@id":"https:\/\/www.cfa-les3bvitre.com\/index.php\/resultats-de-lenquete-2020-parcours-des-laureats\/#breadcrumb","itemListElement":[{"@type":"ListItem","position":1,"name":"Accueil","item":"https:\/\/www.cfa-les3bvitre.com\/"},{"@type":"ListItem","position":2,"name":"R\u00e9sultats de l\u2019enqu\u00eate 2020 \u201cParcours des Laur\u00e9ats\u201d"}]},{"@type":"WebSite","@id":"https:\/\/www.cfa-les3bvitre.com\/#website","url":"https:\/\/www.cfa-les3bvitre.com\/","name":"CFA Les 3B Vitr\u00e9","description":"","publisher":{"@id":"https:\/\/www.cfa-les3bvitre.com\/#organization"},"potentialAction":[{"@type":"SearchAction","target":{"@type":"EntryPoint","urlTemplate":"https:\/\/www.cfa-les3bvitre.com\/?s={search_term_string}"},"query-input":{"@type":"PropertyValueSpecification","valueRequired":true,"valueName":"search_term_string"}}],"inLanguage":"fr-FR"},{"@type":"Organization","@id":"https:\/\/www.cfa-les3bvitre.com\/#organization","name":"CFA LES 3B VITR\u00c9","url":"https:\/\/www.cfa-les3bvitre.com\/","logo":{"@type":"ImageObject","inLanguage":"fr-FR","@id":"https:\/\/www.cfa-les3bvitre.com\/#\/schema\/logo\/image\/","url":"https:\/\/www.cfa-les3bvitre.com\/wp-content\/uploads\/2022\/03\/cropped-LOGO-CFA-LES-3B-site-web-07.png","contentUrl":"https:\/\/www.cfa-les3bvitre.com\/wp-content\/uploads\/2022\/03\/cropped-LOGO-CFA-LES-3B-site-web-07.png","width":240,"height":149,"caption":"CFA LES 3B VITR\u00c9"},"image":{"@id":"https:\/\/www.cfa-les3bvitre.com\/#\/schema\/logo\/image\/"},"sameAs":["https:\/\/www.facebook.com\/cfales3bvitre","https:\/\/www.linkedin.com\/company\/cfa-les-3b\/"]}]}},"_links":{"self":[{"href":"https:\/\/www.cfa-les3bvitre.com\/index.php\/wp-json\/wp\/v2\/pages\/1164","targetHints":{"allow":["GET"]}}],"collection":[{"href":"https:\/\/www.cfa-les3bvitre.com\/index.php\/wp-json\/wp\/v2\/pages"}],"about":[{"href":"https:\/\/www.cfa-les3bvitre.com\/index.php\/wp-json\/wp\/v2\/types\/page"}],"author":[{"embeddable":true,"href":"https:\/\/www.cfa-les3bvitre.com\/index.php\/wp-json\/wp\/v2\/users\/2"}],"replies":[{"embeddable":true,"href":"https:\/\/www.cfa-les3bvitre.com\/index.php\/wp-json\/wp\/v2\/comments?post=1164"}],"version-history":[{"count":8,"href":"https:\/\/www.cfa-les3bvitre.com\/index.php\/wp-json\/wp\/v2\/pages\/1164\/revisions"}],"predecessor-version":[{"id":1172,"href":"https:\/\/www.cfa-les3bvitre.com\/index.php\/wp-json\/wp\/v2\/pages\/1164\/revisions\/1172"}],"wp:attachment":[{"href":"https:\/\/www.cfa-les3bvitre.com\/index.php\/wp-json\/wp\/v2\/media?parent=1164"}],"curies":[{"name":"wp","href":"https:\/\/api.w.org\/{rel}","templated":true}]}}